+ 196 = -x, r + 6 - 50 = 5*x. Calculate the highest common divisor of r and 13.
13
Suppose 168 = 5*h - 167. Let u be 1 + h - (0 + -2). Calculate the greatest common factor of u and 28.
14
Let c = 54 - 2. Suppose c = 4*s + 12. Let g be 15*3*(-1)/(-3). What is the highest common divisor of g and s?
5
Let q be 2 - (-2 + (-5 - -4)). Suppose 3*g - q*y = -0*y + 155, 4 = -y. Calculate the highest common divisor of g and 5.
5
Let z(k) = 38*k**2 - k - 1. Let p be z(-1). Let n(l) = 4*l - 14. Let g be n(10). Let b = p - g. Calculate the greatest common factor of b and 12.
12
Suppose i - 31 = 3*x - i, 0 = 5*i - 10. Let r be (-3)/x*(68 + 1). Let p = 35 - r. What is the greatest common factor of p and 132?
12
Let m be (8 - -1)*(-20)/15. Let x = 18 + m. Suppose 6 + x = z. Calculate the greatest common factor of z and 3.
3
Suppose -2*h + 85 = 3*h. Let i = h - -5. What is the highest common divisor of 33 and i?
11
Let p = 11 + -7. Suppose 3*x + w = -434 + 1423, 3*x - 992 = 2*w. Let k be (-2)/3 + x/9. What is the greatest common divisor of k and p?
4
Suppose 0 = -3*p + p + 660. Suppose 13*a = 8*a + p. Calculate the highest common factor of a and 6.
6
Let x be 6/(-3) + -1 + 9. Suppose 0 = 5*o + 94 - 414. Let f = -46 + o. Calculate the highest common divisor of x and f.
6
Let v(s) = -2*s + 6. Let c be v(5). Let w = 8 + c. What is the greatest common divisor of 4 and w?
4
Suppose -9*g + 5*g + 64 = 0. Calculate the greatest common factor of g and 16.
16
Let r be (-2 - -7)*3/1. Let v be ((-24)/30)/((-4)/(-490)). Let o be v/(-10) + 1/5. Calculate the highest common divisor of o and r.
5
Let a be 1 + 1/((-1)/(-3)). Suppose -a - 11 = -5*q. Calculate the greatest common factor of 3 and q.
3
Suppose -3*o + 5*o = -8. Let s(l) = -3*l. Let j be s(o). Let a(r) = r**2 + 4*r + 3. Let f be a(-5). Calculate the greatest common factor of j and f.
4
Let x = -110 + 160. What is the highest common divisor of 5 and x?
5
Let k be (-1)/((-62)/30 - -2). Calculate the greatest common divisor of 6 and k.
3
Let t be (6/(-9))/((-77)/75 + 1). What is the highest common divisor of t and 75?
25
Let z(k) be the second derivative of k**4/12 - 13*k**3/6 + 2*k**2 - 2*k. Let w be z(13). What is the highest common factor of 10 and w?
2
Suppose -4*q + 30 = -42. Let c be 4/6 - (-4556)/51. Calculate the greatest common factor of c and q.
18
Let z(i) = -18*i**3 + 3 - 2 + i**2 - 2. Let g be z(-1). What is the greatest common factor of g and 12?
6
Let w(l) = 4*l**2 - 5*l + 7. Let b be w(5). Suppose 0 = 6*j - j - 10, 3*y = 4*j + b. Calculate the greatest common factor of 20 and y.
10
Let j(x) = 16*x. Let m(b) = -b. Let p(c) = -j(c) - 20*m(c). Let i be p(-1). Let w = 7 + i. Calculate the highest common divisor of 12 and w.
3
Let i(o) = 2*o**2 - o. Suppose -x + 1 = 2, -4*x = -4*g - 4. Let m be i(g). Calculate the highest common factor of m and 30.
10
Suppose 3*d - 15 = 2*d. Suppose 5*q - d = -5*u, 3*u = -q + 2*q - 23. Suppose -s + q = -0. What is the highest common divisor of 1 and s?
1
Suppose -5*s + 150 = 2*m, -4*m - 2*s + 6*s = -272. Calculate the highest common divisor of 14 and m.
14
Let f be (3/(-2))/(5/(-90)). Calculate the greatest common divisor of 9 and f.
9
Let p be (-5)/(-2)*96/15. What is the greatest common factor of 16 and p?
16
Let t(i) = 13*i**2 - 6*i - 5. Let f be t(-3). Calculate the highest common divisor of f and 20.
10
Suppose v - 15 = 4*v, g - 37 = 4*v. What is the greatest common factor of 136 and g?
17
Let r = -123 - -187. Suppose -4*n + 0*i - 4*i + r = 0, 0 = -3*i. Let y be 37*3 - -1*1. Calculate the highest common divisor of n and y.
16
Let q be (-18)/27*(6/(-2) - 141). What is the greatest common divisor of 12 and q?
12
Let t(j) = 31*j**2 - 3*j + 3. Suppose 0 = l - 0*l - 2. Let p be t(l). Calculate the greatest common factor of 11 and p.
11
Suppose -5*i + 0*i = 2*z - 8, 4*z - 16 = i. Suppose t + i*t = 45. Suppose -2*p - 75 = -7*p. Calculate the greatest common divisor of p and t.
15
Suppose 2*l + 4 - 8 = 0. Calculate the highest common divisor of 16 and l.
2
Let v = 8 - -1. What is the highest common divisor of v and 1?
1
Suppose 2*c + 2*v - 10 = 0, -v = -6*c + 2*c + 10. What is the greatest common factor of c and 1?
1
Let n(z) = 2*z**2 - 11*z - 5. Let t be n(8). Let a = t + 11. Suppose -2*d + a = -26. Calculate the highest common divisor of d and 12.
12
Let g = 120 - 80. Let l be 664/g - 4/(-10). Calculate the greatest common factor of 136 and l.
17
Let s be (2 - 24/15)*55. Suppose 4*n - 98 = s. Calculate the greatest common factor of 75 and n.
15
Let f be (-4)/((-3 - -5) + -3). Let b = f - -15. Let o = 220 + -49. What is the highest common factor of o and b?
19
Let n = -189 + 442. Calculate the highest common factor of 23 and n.
23
Let z be (-7 + 3)*(-1)/2. Suppose 0 = 4*y + 5*t + 95, 0 = z*y + 4*t + t + 55. Let q = y - -28. What is the greatest common factor of q and 16?
8
Let y = 49 + -37. What is the highest common factor of y and 18?
6
Let h be (-4)/(-3 - (-3 - -2)). Suppose -v + 54 = h*x, v + 3*v - 5*x = 255. What is the highest common factor of v and 15?
15
Let c(s) = -s**3 + 11*s**2 + 2. Let j be c(11). Calculate the greatest common divisor of j and 2.
2
Let u(o) = -o - 10. Let n be u(-10). Suppose -20 = -2*s - n. Calculate the highest common divisor of 20 and s.
10
Let t = -14 - -35. Calculate the greatest common divisor of 105 and t.
21
Let q be (-1057)/(-14) + (-2)/(-4). Calculate the highest common factor of q and 19.
19
Suppose 3*b = -b + 12. Let x be (-10)/(-5) - (0 - 1). Suppose c - 96 = -x*c. What is the greatest common factor of b and c?
3
Suppose -4*f = -5*o + 2*o - 155, 0 = -5*o - 5. What is the greatest common divisor of 418 and f?
38
Let y = 9 + 0. Let g = y + -5. Suppose 2*u - 112 = -2*u. What is the highest common factor of g and u?
4
Suppose 0 = -2*i + 5*q + 69, -3 = 2*q + 7. What is the greatest common divisor of 22 and i?
22
Let m = 1 + 1. Let y be 185/35 - m/7. Suppose -3*x + y*j = -99, 0 = 2*x + 3*x + 4*j - 128. What is the greatest common factor of x and 14?
14
Let p be ((-4)/(-8))/(3/690). What is the highest common divisor of 46 and p?
23
Suppose 0 = -5*m - 1 + 6. Suppose -b - 8 = -3*u, -2*b = -2*u + 11 + m. Suppose u = -3*t - 5, 5*t + 37 = s. What is the highest common factor of 3 and s?
3
Suppose 0*m - 4 = -2*m. Suppose 0 = -m*w - 14 + 54. Suppose -w = -a + 4*k, 10*a - 5*a + 5*k = 25. What is the greatest common factor of a and 40?
8
Let r = 25 - 2. Calculate the highest common factor of r and 161.
23
Let u be (3 + 35)*3/(-6). Let f be u/7 + (-12)/42. Let q(j) = j**3 + 6*j**2 - j - 2. Let s be q(f). Calculate the highest common factor of s and 14.
14
Suppose j + 5*c = 28 + 9, 4*j + 5*c - 73 = 0. Calculate the greatest common factor of j and 108.
12
Suppose f = 5*y - 23, -3*f = 5*y - 0*f - 31. Calculate the highest common divisor of 5 and y.
5
Let j be (0/(-1) - -3) + -27. Let o = 40 + j. Suppose 2*h - 52 = 4*f, -f = -4*h - 5*f + 92. What is the highest common divisor of o and h?
8
Suppose 56 = v + 6*v. Calculate the highest common divisor of 12 and v.
4
Let d(o) = 7*o**2 + 2*o - 4. Let h be d(4). Suppose -2*s + z + 98 + 6 = 0, 4*z = 2*s - h. What is the greatest common divisor of s and 10?
10
Suppose 6*z - z - 180 = 0. Let i be (-1)/2*z/(-6). Calculate the highest common divisor of 15 and i.
3
Suppose 10 = t - 4*i - 8, -3*t + i = -32. Calculate the greatest common divisor of t and 170.
10
Let f(a) = -15*a + 1. Let m be f(-1). What is the highest common divisor of m and 16?
16
Let s(z) = 9*z**2 + 6*z - 35. Let o be s(5). Calculate the greatest common factor of o and 20.
20
Let m = -156 - -289. What is the greatest common factor of 19 and m?
19
Let g be (-530)/(-12) + (-1)/6. Suppose -4*q + 0 = -8. Suppose 4*s + q*w - 50 = 0, 2*w = -4*s - w + 53. Calculate the highest common divisor of s and g.
11
Suppose -2*v = b - 116 - 50, -v + 80 = 2*b. Let n be 1*1/((-3)/(-18)). Let h = 6 + n. Calculate the greatest common divisor of h and v.
12
Let a = 56 - 40. Let i(c) = -c**3 + 15*c**2 - 12*c - 6. Let y be i(13). What is the greatest common divisor of y and a?
16
Let b(v) = v**2 - 10*v + 6. Let f be b(10). Suppose 0 = -c - a + 5*a + f, 5 = a. What is the greatest common divisor of 65 and c?
13
Let z be (-40)/(-30)*(-171)/(-6). What is the highest common